6
Suppose -4*i + 13 + 3 = 0. Let l be (1*(-6 - -4))/((-2)/4). Suppose 2*s - l*s = i*u, 0 = -s + 2*u + 12. What is the units digit of s?
6
Let n(v) = 118*v - 30. What is the thousands digit of n(10)?
1
Let a = -1 - -4. Suppose -2*f - 153 = -4*g + a*f, 3*g - f = 101. Let d = -11 + g. What is the units digit of d?
1
Let x(n) = n + 17. Let o be x(-13). Suppose 0 = -3*r + 4*i - 9 + 38, o*r - i - 17 = 0. Suppose -r*u = 4*b - 91, u - 6*b = -b + 62. What is the units digit of u?
7
Suppose h + 1 = 21. Suppose -h = -w - 3*w. What is the units digit of w?
5
Suppose 5*t - 260 - 75 = 3*s, 5*s + 115 = 2*t. Let c = 127 - t. What is the tens digit of c?
5
Let g = 519 + 1368. What is the hundreds digit of g?
8
Let z = -30 - -59. Let r = 29 - z. Suppose 2*v + 96 = 2*o - r*o, -5*v = 3*o - 144. What is the units digit of o?
8
What is the units digit of (2732/(-5) - -4)/((-3)/10)?
8
Let g(s) = 565*s**3 - 3*s**2 - 4*s + 7. What is the tens digit of g(1)?
6
Suppose -4*z + 10 = 5*s, 3 = -2*z + 3*z + s. Let m = -2 - -5. Suppose b = -m*w + 46, -z*b - 3*w - 67 = -285. What is the tens digit of b?
4
Let b(i) = 10*i**2 - 46*i + 5. What is the hundreds digit of b(9)?
4
Suppose 0 = h - 2, 3*k - 2 = h + 2. Let w(g) = 3 - 3*g**k + 2*g**3 + 5*g + 2*g**2 + g - 8*g. What is the units digit of w(3)?
2
Let h(p) = 203*p - 1. Let m be h(-1). Let b = m - -476. What is the tens digit of b?
7
Let y = 90 + -40. Let d be y/8 - 5/20. Let f = 22 - d. What is the tens digit of f?
1
Let z(f) = 2*f**2 - 13*f - 16. Suppose 2*t = 6*t - 44. What is the units digit of z(t)?
3
Suppose 3*w = 5 + 10, 0 = -5*p - 5*w + 23520. What is the tens digit of p?
9
Let l = -2728 - -4725. What is the hundreds digit of l?
9
Let c = 120 + -67. What is the units digit of c?
3
Suppose -144 = -5*j - h, -4*j + 92 = -4*h - h. Suppose 154 = r + 4*v - j, 5*v = r - 146. What is the hundreds digit of r?
1
Let b(o) = -o**2 + 3. Let j be b(0). Suppose -t = j*c - 94, 5*t + 4*c - 59 - 422 = 0. What is the tens digit of t?
9
Let l(a) be the first derivative of -13*a**2 - a + 238. Let n(s) = -s**3 - 4*s**2 - 2*s + 2. Let y be n(-3). What is the tens digit of l(y)?
2
Let i(o) = -o**3 + 8*o**2 + 2*o - 1. Let c(w) = w**3 + 14*w**2 - 2*w - 20. Let q be c(-14). What is the units digit of i(q)?
5
Let n(v) = 11*v**3 + 2*v**2 + v - 4. What is the tens digit of n(1)?
1
Let a(u) = -u**3 - 5*u**2 - 4*u + 4. Let y be a(-4). Let i be (-259)/(-4) + 1/y. Suppose g = -3*z + 63, 5*z - i = -4*g + 40. What is the units digit of z?
1
Let z = -778 - -1564. What is the hundreds digit of z?
7
Let j(z) = 7*z - 5. Suppose 5*r - 6*r + 3 = 0. Let h be j(r). Suppose -4*k = -0*k - h. What is the units digit of k?
4
Suppose -2*d - 5*r + 935 = 3*d, 0 = -4*d + 5*r + 721. Let j = -86 + d. What is the tens digit of j?
9
Let n be 63/(-8) + 2/(-16). What is the units digit of (-5)/(20/n) + 13?
5
Suppose 14 = 2*o - 2. What is the units digit of 46/11 + o/(-44)?
4
Let c(t) = -t**3 + 2*t**2 + 3*t + 3. Let f be c(-3). Let h = -35 + f. What is the units digit of h?
4
Let w(f) = -f**3 - 10*f**2 - 10*f - 2. Let v be w(-9). Let b(y) = 2*y - 12. Let u be b(v). Suppose -u*t - 25 + 61 = 0. What is the tens digit of t?
1
Let t(p) = -115*p - 433. What is the tens digit of t(-12)?
4
Let w(g) = 3*g**2 + g - 2. Let h be w(-3). Let k(b) = -b**3 - b**2 + b + 1. Let f be k(-1). Suppose 2*l + f*l = h. What is the tens digit of l?
1
Suppose 2*u - 4*u = -m - 928, -6 = 3*m. What is the tens digit of u?
6
Suppose -5231 - 28247 = -19*q. What is the tens digit of q?
6
Suppose 572 - 81 = -5*p + s, 5*p = 4*s - 479. Suppose 3*l + 199 = -227. Let k = p - l. What is the units digit of k?
3
Suppose 0 = r + 3*h + 27, -10 + 3 = r - h. What is the units digit of (44/16)/11 + (-441)/r?
7
Suppose -82 = -4*a + 2*a + 5*f, 90 = 2*a - f. Suppose -3*d + a = -d. Let m = d - 0. What is the units digit of m?
3
Suppose -26*m + 10795 = 3047. What is the tens digit of m?
9
Let q(r) = 53*r - 207. What is the units digit of q(12)?
9
Suppose -3163 = -2*b - 3*c, 0 = 4*c + 3 - 15. What is the thousands digit of b?
1
Suppose 4*t - 2645 = -a + 9*t, 2*a - 5335 = t. What is the thousands digit of a?
2
Let i(o) = 57*o + 9. Let r be i(4). Let k = r + -41. What is the hundreds digit of k?
1
Let f = -12 - -16. Suppose 4*i + f = 4*b, 5*i + 2*b - 3*b = 11. Let h(u) = -u**3 + 3*u**2 + u + 3. What is the units digit of h(i)?
6
Let v = -465 - -854. What is the hundreds digit of v?
3
Let g(u) = -5*u + 19. What is the units digit of g(2)?
9
Suppose 0 = -10*k + 7*k + 2*l + 10906, 0 = -4*k - 4*l + 14548. What is the units digit of k?
6
Suppose -2*v + 90 = -102. Suppose 0 = 7*m - v - 9. What is the tens digit of m?
1
Suppose -3*s + 203 = 35. Let m = -40 + s. What is the units digit of m?
6
Let t be ((-72)/30)/((-4)/(-30)). Let q = t + 45. What is the tens digit of q?
2
Let z(w) = w + 5 - 5*w + 7*w**2 - 3*w - w**3. Suppose 0 = 3*v - 2*d - 12, 0*d + 8 = 2*v + d. What is the tens digit of z(v)?
2
Let l(h) = 4*h - h**2 - 10*h**2 + 3*h**2 - 9 + 2*h**3 - h**3. What is the units digit of l(8)?
3
Let q(c) = c**2 + 12*c + 16. Let f be q(-11). Suppose 5*z - 13 - 2 = -5*v, -4*z = -2*v - 30. Suppose 0 = -f*u - z + 146. What is the tens digit of u?
2
Let h be (-3)/(-6) + (-485)/(-10). Let c = h - 25. What is the tens digit of c?
2
Let v(j) = 15*j**2 - 11*j + 44. What is the hundreds digit of v(-7)?
8
Let s = 481 + 471. What is the tens digit of s?
5
Let f = -3239 - -8888. What is the hundreds digit of f?
6
Suppose 0*o + o = 5, -5*z - o = -670. Suppose -175 - z = -j. What is the hundreds digit of j?
3
Let f(n) = 4 + 7 - 110*n + 128*n + 2. What is the hundreds digit of f(6)?
1
Suppose -2*c - 4*u + 5121 - 1431 = 0, 0 = -3*c - 4*u + 5537. Suppose 0 = r + c - 380. What is the tens digit of 4/22 - r/99?
1
Suppose -4*h + u = 79, -2*h = h + u + 68. Let s = 17 - h. What is the units digit of s?
8
Let n = 25 - 20. Suppose 0 = a + 5*v + 15, 0*v = n*a - 2*v - 60. What is the units digit of a?
0
Let c(w) = -w - 12. Let h be c(3). Let s be (80 - 1)*(-14 - h). Suppose p = -3*u + 203, -3*p + s - 14 = u. What is the units digit of u?
8
Let s = 93 - 89. Suppose 34 = 2*k + s*m, 10 = -5*m - 10. What is the units digit of k?
5
Suppose 6*q = 12*q. Suppose 4*f - 3*w - 749 = q, f + 4*w - 179 = 2*w. What is the hundreds digit of f?
1
Let f = -112 - -122. What is the hundreds digit of (298/5)/(4/f)?
1
Let c(v) = -v**3 + 9*v**2 - 3*v - 4. Suppose -2*k + 24 = 5*f, -4*k - 5 = f - 35. What is the units digit of c(k)?
3
Let k(b) = b**2 - 3*b + 60. What is the tens digit of k(10)?
3
Suppose -3*n = 3*a - 243, 10*n - 233 = -3*a + 5*n. What is the units digit of a?
6
Let g = 646 + -322. Let l = -194 + g. What is the hundreds digit of l?
1
Suppose 15*t = 9*t. Suppose t = 3*l - 3, 2*l + 35 = -5*c + 137. What is the tens digit of c?
2
What is the tens digit of (3 + -2)*9 + -5 - -464?
6
Suppose 6*v + 18 = 12*v. Suppose 0 = 3*s - 7*s + 8, -v*s - 96 = -3*o. What is the units digit of o?
4
Let w(f) = -3*f**3 - 2*f**2 - 11*f - 8. Let s be w(-4). Let d = s - 133. What is the units digit of d?
3
Suppose 16*w - 10 = 11*w. Suppose 51 = w*h + 4*j - 3, 5*j - 155 = -5*h. What is the units digit of h?
5
Let c = 3 - 0. Let r = c + 17. Suppose -5*x - 5 + r = 0. What is the units digit of x?
3
What is the units digit of (-1 - 2)/((-24)/4456)?
7
Suppose 2*w = -5 - 11. Let d = w + 12. Suppose d*f = 5*f - 29. What is the tens digit of f?
2
Let y(p) = -2*p**3 - 12*p**2 + 7*p - 13. What is the hundreds digit of y(-9)?
4
Suppose -3*b = 2*a - 433, 181 = 4*b - 2*a - 401. Let w = b + -114. What is the tens digit of w?
3
Let i(y) = 33*y**2 - 2*y - 1. Let u be i(2). Suppose -94 = -5*s - h + u, -46 = -s - 2*h. Suppose 5*a - 179 = -s. What is the tens digit of a?
2
Suppose -2*q + 2202 = 3*u, 10*u + 2202 = 13*u + 3*q. What is the tens digit of u?
3
Suppose 5*f = 0, 2*f - 5*f - 352 = -2*o. Let t = o + -105. What is the tens digit of t?
7
Let g(z) = z**2 + 12*z + 269. What is the tens digit of g(36)?
9
Let v(b) = -b**3 - 39*b**2 - 51*b + 30. What is the hundreds digit of v(-39)?
0
Suppose g + 0*g - 2*u - 20 = 0, 4*g - 54 = -5*u. What is the units digit of g?
6
Suppose -152 = 4*d + 16. Let v be -2 - (72*1 - 3). Let o = d - v. What is the tens digit of o?
2
Suppose 0 = -4*s + 4*o + 12, 9 = -4*s - 3*o - 7. Let l